(-9279))?
3, 1031
Suppose 0 = -376*r + 378*r - 3074. List the prime factors of r.
29, 53
Let j = -67 + 69. Suppose -3*f - 3*k = -435, -5*f + 1002 - 305 = -j*k. What are the prime factors of f?
3, 47
List the prime factors of -15*(-8 + 1160/(-24)).
5, 13
Suppose -w + 9 = c - 17, -2*c + 2*w + 60 = 0. Suppose -3*m + c + 8 = 0. List the prime factors of m.
2, 3
Suppose -3*y + 570 = 4*l - 130, 0 = 2*l + 2*y - 348. What are the prime factors of l?
2, 89
Let j be 0 - (-2 + 2 + -4). Suppose x - 4 = 0, -2*x = j*z - 4*x - 136. Suppose 0 = 3*d - 6*d + z. List the prime factors of d.
2, 3
Suppose 4*l - 4*g - 18076 = 0, 8*l - 3*l + 2*g - 22609 = 0. List the prime factors of l.
3, 11, 137
Suppose 4*q = -5*f + 172, 34 = -f + 2*f + q. Suppose -3*u - 98 = u + k, 4 = 2*k. Let a = f + u. List the prime factors of a.
11
List the prime factors of 3 + 26*(110/4)/5.
2, 73
Let c(l) = -742*l - 211. List the prime factors of c(-5).
3499
Suppose 0 = 5*g + 11 - 21. Suppose 0 = -g*w + 5*w - 264. List the prime factors of w.
2, 11
Suppose 1086 = j + 444. List the prime factors of j.
2, 3, 107
Suppose u = 1, 5*p = 66*u - 70*u + 12364. List the prime factors of p.
2, 3, 103
Let k(h) be the first derivative of h**4/4 - 2*h**3 + 7*h + 1. Let u be k(6). Suppose 84 = -4*z + u*z. What are the prime factors of z?
2, 7
Let k be (-3 + 4)*(-1 + 0 - 105). Let c = k + 190. What are the prime factors of c?
2, 3, 7
Let m(s) = s**2 + 7*s + 4. Let y be m(-7). Suppose 2*z - y*z + 96 = 0. What are the prime factors of z?
2, 3
Suppose -4*y = -4*k + 8316, -38*k - 2*y + 4158 = -36*k. List the prime factors of k.
3, 7, 11
Let y = 13 - 10. Suppose 4*b - 3*i + 25 = 0, -2*b + i = y + 10. List the prime factors of b/(21/(-6)) - -4.
2, 3
Let b be -4 + 29 - 8/2. Let l = -16 + b. Suppose -3*w + 125 = l*f - 112, 3*f - 2*w - 127 = 0. List the prime factors of f.
3, 5
List the prime factors of 93 + 3 + (-4)/(-4) + -1.
2, 3
Let o be 3*(51/(-45) - 12/(-90)). List the prime factors of (o/9)/(2/(-108)).
2, 3
Let p(t) = 3*t + 5. Let o(w) = 7*w + 10. Let h(q) = -2*o(q) + 5*p(q). Let y be h(-6). List the prime factors of 0 + (y - (-14 - 3)).
2
Suppose 8*l - 705 = 599. Suppose -f - l = -3*a, -a + 3*f = -27 - 14. What are the prime factors of a?
2, 7
Let n(v) = -183*v - 823. List the prime factors of n(-23).
2, 1693
Let s(n) = n**2 - 8*n + 14. Let x be s(6). Let v(f) = x*f - 1 - f + 0 - 15*f. What are the prime factors of v(-6)?
83
Let o(l) = -l**3 + 14*l**2 + 16*l - 10. Let p be o(15). Let w(u) = 5*u**2 + 10*u - 6. List the prime factors of w(p).
13
Let v be 34/6*(13 - 10). Let b = v - 4. Suppose 0*d - 20 = -2*z + 4*d, -z + 5*d + b = 0. What are the prime factors of z?
2
Suppose o + 4*z = 22, -5*z - 7 = -3*o - 26. Suppose 0 = -2*h + o*y + 70, -4 = -h - 2*y + 16. What are the prime factors of h?
2, 3, 5
Suppose -i - 4 = 0, 0 = -2*o - i - 2*i + 354. Suppose 4*u - r = -147, 3*r - o = 5*u + 2*r. List the prime factors of 1 - (u + (-1 - 0)).
2, 19
Let t(q) = 11*q - 21. Let o be t(9). Suppose f = 3*f - o. What are the prime factors of f?
3, 13
Suppose 4*t + 4 = 5*r, 4*t - 3*r - 3 = -15. List the prime factors of (-3296)/(-28) + t/(-21).
2, 59
Suppose 4*d + 2027 + 2909 = 4*o, 4*o = -2*d + 4906. List the prime factors of o.
1229
Suppose -u - 15816 = -4*r, -6*r + 5*u + 15816 = -2*r. List the prime factors of r.
2, 3, 659
Let r(g) = -3*g. Let d be r(-2). Suppose -3*f = -d - 12. What are the prime factors of 4/f + (-196)/(-21)?
2, 5
Suppose -3*p + 945 = -2*p + 5*i, -5*p - 5*i + 4785 = 0. List the prime factors of p.
2, 3, 5
Let l(r) = 10*r**3 + 2*r**2 + 6*r - 9. What are the prime factors of l(4)?
3, 229
Let h(k) = 29*k**2 - 25*k + 85. What are the prime factors of h(9)?
47
Suppose -2*v + 379 = -d, 2*v - 2*d = -3*v + 947. Suppose -5*z + v = -21. List the prime factors of z.
2, 3, 7
Let u be (8/(-6))/((-7)/(-189)). Let m be -24 - (0 - 2/2). Let t = m - u. What are the prime factors of t?
13
Suppose -2*j - 135 = -b, 9*b - 3*j - 138 = 8*b. What are the prime factors of b?
3, 43
Let n(b) = b**2 + b - 4. Let u be n(3). Suppose u*x - 3*x - 15 = 0. Suppose -x*s = -5*s + 52. What are the prime factors of s?
2, 13
Let i(u) = -33*u + 5. Let z = -25 + 27. Let c be i(z). Let p = -35 - c. List the prime factors of p.
2, 13
Let b(x) = 2*x - 1. Let t be (4 - 5) + (3 - -1). Suppose -5*q = t*v + 7, q = 2*v - 4*q - 37. What are the prime factors of b(v)?
11
Let t = -50 - -50. Suppose -g - i + 228 - 30 = t, 2*i = -4. What are the prime factors of g?
2, 5
Let t be 2/4 - 2590/(-28). Let z = t - 51. What are the prime factors of z?
2, 3, 7
Suppose -1758 = 35*o - 20728. What are the prime factors of o?
2, 271
What are the prime factors of (-6282)/(-10) - (-2 - 12/(-10))?
17, 37
Suppose -1520 = -5*v - 3*r, 60*v - 56*v + 2*r = 1216. What are the prime factors of v?
2, 19
Let a = -3 - -16. Let z = 26 - a. Let h = z + -6. List the prime factors of h.
7
What are the prime factors of (-9 + 10)*81*5?
3, 5
What are the prime factors of (-7)/((2 - -2)/(-544))?
2, 7, 17
Let z be -1*((-1)/2)/(7/28). Let u(t) = 2*t**2 + t**3 - t**2 - 3 + 3*t - 3*t**2. List the prime factors of u(z).
3
Let v(a) be the third derivative of -7*a**4/24 + 5*a**3/2 + 5*a**2. List the prime factors of v(-17).
2, 67
Suppose 4*p - 93 = -93. Suppose -56*d + 52*d + 260 = p. List the prime factors of d.
5, 13
Suppose -70 + 252 = 2*l. List the prime factors of l.
7, 13
Suppose u + 5 = -45. Let f = u - -111. List the prime factors of f.
61
Let a = 5 + -25. What are the prime factors of (-1576)/a - 3/(-15)?
79
Let y(w) = -w**2 + 20*w + 5. Let g be 328/28 + (-2)/(-7). What are the prime factors of y(g)?
101
What are the prime factors of ((-111)/(-6))/(10/280)?
2, 7, 37
Let n = 9 + -7. Let p = 6 - n. Suppose 0 = -p*r + 2*r + 16. List the prime factors of r.
2
Let z(b) = -b**2 - 7*b + 5. Let w(h) = -4*h**2 - 28*h + 20. Let m(c) = 2*w(c) - 9*z(c). Let v = -24 + 14. What are the prime factors of m(v)?
5
Suppose 3*z = -36 - 18. Let w = 38 + z. List the prime factors of w.
2, 5
Suppose -2*i - 2*o = i - 266, 5*i + o - 455 = 0. Suppose -5*c - 2*r = -188 + 40, 4*c = 5*r + i. Let f = 48 - c. List the prime factors of f.
2, 5
Suppose -5*y - 15 = 0, -2*t + y + 12 = -t. Suppose t*x - 150 = 4*x. List the prime factors of x.
2, 3, 5
Suppose -543*g = -550*g + 9002. What are the prime factors of g?
2, 643
Suppose 15*y - 19*y + 1272 = 0. List the prime factors of y.
2, 3, 53
Let n be (242 - -1) + 5 + (-9 - -3). Let y = -161 + n. List the prime factors of y.
3
Let q = 11 - 7. Suppose q*j = d - 123, -128 = -d - 2*j + 7*j. List the prime factors of d.
103
Let b(h) = -h**2 + 11*h + 1. Let i be b(8). Let c = i + -14. Suppose c*p = 5*p + 180. What are the prime factors of p?
2, 3, 5
Let z(k) = -7*k**3 - 4*k**2 - 10*k + 3. List the prime factors of z(-5).
2, 3, 23
Let b(x) = 7*x - 23. Let n(w) = w - 1. Let m(z) = -b(z) + 6*n(z). Let y be m(12). Suppose y*k = 3*h + k - 87, -16 = -h - 3*k. What are the prime factors of h?
5
Suppose 5*s - 243 - 1737 = 0. What are the prime factors of s?
2, 3, 11
What are the prime factors of ((-43)/(-258))/((-2)/(-25716))?
2143
List the prime factors of (115/4)/(-5)*(-48 - 1048).
2, 23, 137
Let w(x) = 64*x + 3. Suppose -2*m + 6*m = 4. List the prime factors of w(m).
67
Suppose 0 = q + 4*q + 210. Let m = 15 - q. What are the prime factors of m?
3, 19
Let s be (-6 - -5) + (-4)/2. Let v be 2*-1 - (s + -4). Suppose -2*m - 11 = -5*m + v*j, j + 7 = 3*m. List the prime factors of m.
2
Let c = -61 - -173. Suppose c = 4*a - 68. What are the prime factors of a?
3, 5
Suppose a = 3*l - a - 1, -2*a = l - 11. Let z be (-1)/((-192)/(-63) - l). Let x = 3 - z. What are the prime factors of x?
2, 3
Let s be -244 + 0/(-4 + 5). Let f = -148 - s. What are the prime factors of f?
2, 3
Suppose -7*m = -5*q - 8*m + 7093, -m = -2*q + 2833. List the prime factors of q.
2, 709
Suppose 4*c - 123 = -o, 4*o = o + 4*c + 337. Suppose -425 - o = -5*y. List the prime factors of y.
2, 3
Let z = 4 + -16. List the prime factors of (48/(-9) + 4)*z.
2
Suppose -4*g + 181 = -211. Let o(v) = -5*v - 25. Let y be o(-17). Let n = g - y. What are the prime factors of n?
2, 19
Let y be (3/(-2))/((-3)/4). Let z(l) = -2 - l**y - 5*l**3 + 3*l**2 + 0*l**3 - 3*l**2. What are the prime factors of z(-2)?
2, 17
Let u(o) = 53*o**2 - 32*